{"id":81,"date":"2022-09-12T11:15:25","date_gmt":"2022-09-12T09:15:25","guid":{"rendered":"https:\/\/siebn.fr\/?page_id=81"},"modified":"2023-01-13T15:29:23","modified_gmt":"2023-01-13T14:29:23","slug":"qui-nous-sommes","status":"publish","type":"page","link":"https:\/\/siebn.fr\/index.php\/qui-nous-sommes\/","title":{"rendered":"Qui nous sommes ?"},"content":{"rendered":"\t\t<div data-elementor-type=\"wp-page\" data-elementor-id=\"81\" class=\"elementor elementor-81\" data-elementor-post-type=\"page\">\n\t\t\t\t\t\t<section class=\"elementor-section elementor-top-section elementor-element elementor-element-279b5e2f elementor-section-content-middle elementor-reverse-mobile elementor-section-full_width elementor-section-height-default elementor-section-height-default\" data-id=\"279b5e2f\" data-element_type=\"section\" data-e-type=\"section\" data-settings=\"{&quot;background_background&quot;:&quot;classic&quot;}\">\n\t\t\t\t\t\t<div class=\"elementor-container elementor-column-gap-no\">\n\t\t\t\t\t<div class=\"elementor-column elementor-col-50 elementor-top-column elementor-element elementor-element-42319fee\" data-id=\"42319fee\" data-element_type=\"column\" data-e-type=\"column\">\n\t\t\t<div class=\"elementor-widget-wrap elementor-element-populated\">\n\t\t\t\t\t\t<div class=\"elementor-element elementor-element-452c4c16 elementor-widget elementor-widget-heading\" data-id=\"452c4c16\" data-element_type=\"widget\" data-e-type=\"widget\" data-widget_type=\"heading.default\">\n\t\t\t\t<div class=\"elementor-widget-container\">\n\t\t\t\t\t<h4 class=\"elementor-heading-title elementor-size-default\">Qui sommes-nous ?<\/h4>\t\t\t\t<\/div>\n\t\t\t\t<\/div>\n\t\t\t\t<div class=\"elementor-element elementor-element-44c483b0 elementor-widget-divider--view-line elementor-widget elementor-widget-divider\" data-id=\"44c483b0\" data-element_type=\"widget\" data-e-type=\"widget\" data-widget_type=\"divider.default\">\n\t\t\t\t<div class=\"elementor-widget-container\">\n\t\t\t\t\t\t\t<div class=\"elementor-divider\">\n\t\t\t<span class=\"elementor-divider-separator\">\n\t\t\t\t\t\t<\/span>\n\t\t<\/div>\n\t\t\t\t\t\t<\/div>\n\t\t\t\t<\/div>\n\t\t\t\t<div class=\"elementor-element elementor-element-136e5e30 elementor-widget elementor-widget-text-editor\" data-id=\"136e5e30\" data-element_type=\"widget\" data-e-type=\"widget\" data-widget_type=\"text-editor.default\">\n\t\t\t\t<div class=\"elementor-widget-container\">\n\t\t\t\t\t\t\t\t\t<p>SIEBN7 est une structure qui a pour vocation premi\u00e8re d&rsquo;aider les auto-entrepreneurs et jeunes soci\u00e9t\u00e9s sans bilan en leur louant des v\u00e9hicules de meilleurs qualit\u00e9 avec un suivi afin de leur permettre d&rsquo;\u00e9voluer dans de bonnes conditions et d&rsquo;accroitre leurs performances.<\/p>\n<p>Parceque nous savons ce qu&rsquo;est que \u00ab\u00a0d\u00e9buter une nouvelle activit\u00e9\u00a0\u00bb, nous avons \u00e0 coeur de participer au d\u00e9veloppement de votre activit\u00e9 \u00e0 travers des solutions de mobilit\u00e9s sans exclusion.<\/p>\t\t\t\t\t\t\t\t<\/div>\n\t\t\t\t<\/div>\n\t\t\t\t\t<\/div>\n\t\t<\/div>\n\t\t\t\t<div class=\"elementor-column elementor-col-50 elementor-top-column elementor-element elementor-element-485663b\" data-id=\"485663b\" data-element_type=\"column\" data-e-type=\"column\">\n\t\t\t<div class=\"elementor-widget-wrap elementor-element-populated\">\n\t\t\t\t\t\t<div class=\"elementor-element elementor-element-1e92444 elementor-widget elementor-widget-image\" data-id=\"1e92444\" data-element_type=\"widget\" data-e-type=\"widget\" data-widget_type=\"image.default\">\n\t\t\t\t<div class=\"elementor-widget-container\">\n\t\t\t\t\t\t\t\t\t\t\t\t\t\t\t<img fetchpriority=\"high\" decoding=\"async\" width=\"800\" height=\"534\" src=\"https:\/\/siebn.fr\/wp-content\/uploads\/2022\/11\/Qui-sommes-nous-1024x683.jpg\" class=\"attachment-large size-large wp-image-2495\" alt=\"\" srcset=\"https:\/\/siebn.fr\/wp-content\/uploads\/2022\/11\/Qui-sommes-nous-1024x683.jpg 1024w, https:\/\/siebn.fr\/wp-content\/uploads\/2022\/11\/Qui-sommes-nous-300x200.jpg 300w, https:\/\/siebn.fr\/wp-content\/uploads\/2022\/11\/Qui-sommes-nous-768x512.jpg 768w, https:\/\/siebn.fr\/wp-content\/uploads\/2022\/11\/Qui-sommes-nous-1536x1024.jpg 1536w\" sizes=\"(max-width: 800px) 100vw, 800px\" \/>\t\t\t\t\t\t\t\t\t\t\t\t\t\t\t<\/div>\n\t\t\t\t<\/div>\n\t\t\t\t\t<\/div>\n\t\t<\/div>\n\t\t\t\t\t<\/div>\n\t\t<\/section>\n\t\t\t\t<\/div>\n\t\t","protected":false},"excerpt":{"rendered":"<p>Qui sommes-nous ? SIEBN7 est une structure qui a pour vocation premi\u00e8re d&rsquo;aider les auto-entrepreneurs et jeunes soci\u00e9t\u00e9s sans bilan en leur louant des v\u00e9hicules de meilleurs qualit\u00e9 avec un suivi afin de leur permettre d&rsquo;\u00e9voluer dans de bonnes conditions et d&rsquo;accroitre leurs performances. Parceque nous savons ce qu&rsquo;est que \u00ab\u00a0d\u00e9buter une nouvelle activit\u00e9\u00a0\u00bb, nous [&hellip;]<\/p>\n","protected":false},"author":1,"featured_media":0,"parent":0,"menu_order":0,"comment_status":"closed","ping_status":"closed","template":"","meta":{"footnotes":""},"class_list":["post-81","page","type-page","status-publish","hentry"],"_links":{"self":[{"href":"https:\/\/siebn.fr\/index.php\/wp-json\/wp\/v2\/pages\/81","targetHints":{"allow":["GET"]}}],"collection":[{"href":"https:\/\/siebn.fr\/index.php\/wp-json\/wp\/v2\/pages"}],"about":[{"href":"https:\/\/siebn.fr\/index.php\/wp-json\/wp\/v2\/types\/page"}],"author":[{"embeddable":true,"href":"https:\/\/siebn.fr\/index.php\/wp-json\/wp\/v2\/users\/1"}],"replies":[{"embeddable":true,"href":"https:\/\/siebn.fr\/index.php\/wp-json\/wp\/v2\/comments?post=81"}],"version-history":[{"count":61,"href":"https:\/\/siebn.fr\/index.php\/wp-json\/wp\/v2\/pages\/81\/revisions"}],"predecessor-version":[{"id":2720,"href":"https:\/\/siebn.fr\/index.php\/wp-json\/wp\/v2\/pages\/81\/revisions\/2720"}],"wp:attachment":[{"href":"https:\/\/siebn.fr\/index.php\/wp-json\/wp\/v2\/media?parent=81"}],"curies":[{"name":"wp","href":"https:\/\/api.w.org\/{rel}","templated":true}]}}